{"id":97,"date":"2020-10-29T11:48:36","date_gmt":"2020-10-29T11:48:36","guid":{"rendered":"http:\/\/89.166.51.80\/~kalatalouskeskus\/vahvaselan-osakaskunta\/?page_id=97"},"modified":"2020-11-03T10:13:13","modified_gmt":"2020-11-03T10:13:13","slug":"pyydysmerkinnat","status":"publish","type":"page","link":"https:\/\/suonteenkalatalousalue.fi\/vahvaselan-osakaskunta\/luvat\/pyydysmerkinnat\/","title":{"rendered":"Pyydysmerkinn\u00e4t"},"content":{"rendered":"\n<h2 class=\"wp-block-heading\">Pyydysmerkinn\u00e4t<\/h2>\n\n\n\n<p>Muovisia pyydysmerkkej\u00e4 ei ole en\u00e4\u00e4 k\u00e4yt\u00f6ss\u00e4.&nbsp;<strong>Merkkisalossa tai kohossa on ehdottomasti oltava lain edellytt\u00e4m\u00e4t yhteystiedot.<\/strong>&nbsp;Nimi ja puhelinnumero riitt\u00e4\u00e4 tunnistamaan valvonnan yhteydess\u00e4 kenen pyydys on.<\/p>\n\n\n\n<p>Selk\u00e4vesill\u00e4 ja alueilla, joilla on merkitt\u00e4v\u00e4sti per\u00e4mooottoriliikennett\u00e4, tulee merkkisalkojen olla 1,2 metrisi\u00e4.<\/p>\n\n\n\n<p>Alueilla joilla pyydykset eiv\u00e4t ilmeisesti haittaa veneily\u00e4 riitt\u00e4\u00e4 v\u00e4hint\u00e4\u00e4n 40 senttinen salko , tai koho, joka on v\u00e4hint\u00e4\u00e4n 15 sentti\u00e4 veden pinnan yl\u00e4puolella.<\/p>\n","protected":false},"excerpt":{"rendered":"<p>Pyydysmerkinn\u00e4t Muovisia pyydysmerkkej\u00e4 ei ole en\u00e4\u00e4 k\u00e4yt\u00f6ss\u00e4.&nbsp;Merkkisalossa tai kohossa on ehdottomasti oltava lain edellytt\u00e4m\u00e4t yhteystiedot.&nbsp;Nimi ja puhelinnumero riitt\u00e4\u00e4 tunnistamaan valvonnan yhteydess\u00e4 kenen pyydys on. Selk\u00e4vesill\u00e4 ja alueilla, joilla on merkitt\u00e4v\u00e4sti per\u00e4mooottoriliikennett\u00e4, tulee merkkisalkojen olla 1,2 metrisi\u00e4. Alueilla joilla pyydykset eiv\u00e4t ilmeisesti haittaa veneily\u00e4 riitt\u00e4\u00e4 v\u00e4hint\u00e4\u00e4n 40 senttinen salko , tai koho, joka on v\u00e4hint\u00e4\u00e4n 15<\/p>\n<p><a class=\"moretag\" href=\"https:\/\/suonteenkalatalousalue.fi\/vahvaselan-osakaskunta\/luvat\/pyydysmerkinnat\/\"> Lue lis\u00e4\u00e4 ><\/a><\/p>\n","protected":false},"author":1,"featured_media":0,"parent":45,"menu_order":0,"comment_status":"closed","ping_status":"closed","template":"basic-sivu.php","meta":{"_acf_changed":false,"footnotes":""},"class_list":["post-97","page","type-page","status-publish","hentry"],"acf":[],"yoast_head":"<!-- This site is optimized with the Yoast SEO plugin v27.1.1 - https:\/\/yoast.com\/product\/yoast-seo-wordpress\/ -->\n<title>Pyydysmerkinn\u00e4t - Vahvasel\u00e4n osakaskunta<\/title>\n<meta name=\"robots\" content=\"index, follow, max-snippet:-1, max-image-preview:large, max-video-preview:-1\" \/>\n<link rel=\"canonical\" href=\"https:\/\/suonteenkalatalousalue.fi\/vahvaselan-osakaskunta\/luvat\/pyydysmerkinnat\/\" \/>\n<meta property=\"og:locale\" content=\"fi_FI\" \/>\n<meta property=\"og:type\" content=\"article\" \/>\n<meta property=\"og:title\" content=\"Pyydysmerkinn\u00e4t - Vahvasel\u00e4n osakaskunta\" \/>\n<meta property=\"og:description\" content=\"Pyydysmerkinn\u00e4t Muovisia pyydysmerkkej\u00e4 ei ole en\u00e4\u00e4 k\u00e4yt\u00f6ss\u00e4.&nbsp;Merkkisalossa tai kohossa on ehdottomasti oltava lain edellytt\u00e4m\u00e4t yhteystiedot.&nbsp;Nimi ja puhelinnumero riitt\u00e4\u00e4 tunnistamaan valvonnan yhteydess\u00e4 kenen pyydys on. Selk\u00e4vesill\u00e4 ja alueilla, joilla on merkitt\u00e4v\u00e4sti per\u00e4mooottoriliikennett\u00e4, tulee merkkisalkojen olla 1,2 metrisi\u00e4. Alueilla joilla pyydykset eiv\u00e4t ilmeisesti haittaa veneily\u00e4 riitt\u00e4\u00e4 v\u00e4hint\u00e4\u00e4n 40 senttinen salko , tai koho, joka on v\u00e4hint\u00e4\u00e4n 15 Lue lis\u00e4\u00e4 &gt;\" \/>\n<meta property=\"og:url\" content=\"https:\/\/suonteenkalatalousalue.fi\/vahvaselan-osakaskunta\/luvat\/pyydysmerkinnat\/\" \/>\n<meta property=\"og:site_name\" content=\"Vahvasel\u00e4n osakaskunta\" \/>\n<meta property=\"article:modified_time\" content=\"2020-11-03T10:13:13+00:00\" \/>\n<meta name=\"twitter:card\" content=\"summary_large_image\" \/>\n<script type=\"application\/ld+json\" class=\"yoast-schema-graph\">{\"@context\":\"https:\/\/schema.org\",\"@graph\":[{\"@type\":\"WebPage\",\"@id\":\"https:\/\/suonteenkalatalousalue.fi\/vahvaselan-osakaskunta\/luvat\/pyydysmerkinnat\/\",\"url\":\"https:\/\/suonteenkalatalousalue.fi\/vahvaselan-osakaskunta\/luvat\/pyydysmerkinnat\/\",\"name\":\"Pyydysmerkinn\u00e4t - Vahvasel\u00e4n osakaskunta\",\"isPartOf\":{\"@id\":\"https:\/\/suonteenkalatalousalue.fi\/vahvaselan-osakaskunta\/#website\"},\"datePublished\":\"2020-10-29T11:48:36+00:00\",\"dateModified\":\"2020-11-03T10:13:13+00:00\",\"breadcrumb\":{\"@id\":\"https:\/\/suonteenkalatalousalue.fi\/vahvaselan-osakaskunta\/luvat\/pyydysmerkinnat\/#breadcrumb\"},\"inLanguage\":\"fi\",\"potentialAction\":[{\"@type\":\"ReadAction\",\"target\":[\"https:\/\/suonteenkalatalousalue.fi\/vahvaselan-osakaskunta\/luvat\/pyydysmerkinnat\/\"]}]},{\"@type\":\"BreadcrumbList\",\"@id\":\"https:\/\/suonteenkalatalousalue.fi\/vahvaselan-osakaskunta\/luvat\/pyydysmerkinnat\/#breadcrumb\",\"itemListElement\":[{\"@type\":\"ListItem\",\"position\":1,\"name\":\"Home\",\"item\":\"https:\/\/suonteenkalatalousalue.fi\/vahvaselan-osakaskunta\/\"},{\"@type\":\"ListItem\",\"position\":2,\"name\":\"Yksityinen: Luvat\",\"item\":\"https:\/\/suonteenkalatalousalue.fi\/vahvaselan-osakaskunta\/?page_id=45\"},{\"@type\":\"ListItem\",\"position\":3,\"name\":\"Pyydysmerkinn\u00e4t\"}]},{\"@type\":\"WebSite\",\"@id\":\"https:\/\/suonteenkalatalousalue.fi\/vahvaselan-osakaskunta\/#website\",\"url\":\"https:\/\/suonteenkalatalousalue.fi\/vahvaselan-osakaskunta\/\",\"name\":\"Vahvasel\u00e4n osakaskunta\",\"description\":\"\",\"potentialAction\":[{\"@type\":\"SearchAction\",\"target\":{\"@type\":\"EntryPoint\",\"urlTemplate\":\"https:\/\/suonteenkalatalousalue.fi\/vahvaselan-osakaskunta\/?s={search_term_string}\"},\"query-input\":{\"@type\":\"PropertyValueSpecification\",\"valueRequired\":true,\"valueName\":\"search_term_string\"}}],\"inLanguage\":\"fi\"}]}<\/script>\n<!-- \/ Yoast SEO plugin. -->","yoast_head_json":{"title":"Pyydysmerkinn\u00e4t - Vahvasel\u00e4n osakaskunta","robots":{"index":"index","follow":"follow","max-snippet":"max-snippet:-1","max-image-preview":"max-image-preview:large","max-video-preview":"max-video-preview:-1"},"canonical":"https:\/\/suonteenkalatalousalue.fi\/vahvaselan-osakaskunta\/luvat\/pyydysmerkinnat\/","og_locale":"fi_FI","og_type":"article","og_title":"Pyydysmerkinn\u00e4t - Vahvasel\u00e4n osakaskunta","og_description":"Pyydysmerkinn\u00e4t Muovisia pyydysmerkkej\u00e4 ei ole en\u00e4\u00e4 k\u00e4yt\u00f6ss\u00e4.&nbsp;Merkkisalossa tai kohossa on ehdottomasti oltava lain edellytt\u00e4m\u00e4t yhteystiedot.&nbsp;Nimi ja puhelinnumero riitt\u00e4\u00e4 tunnistamaan valvonnan yhteydess\u00e4 kenen pyydys on. Selk\u00e4vesill\u00e4 ja alueilla, joilla on merkitt\u00e4v\u00e4sti per\u00e4mooottoriliikennett\u00e4, tulee merkkisalkojen olla 1,2 metrisi\u00e4. Alueilla joilla pyydykset eiv\u00e4t ilmeisesti haittaa veneily\u00e4 riitt\u00e4\u00e4 v\u00e4hint\u00e4\u00e4n 40 senttinen salko , tai koho, joka on v\u00e4hint\u00e4\u00e4n 15 Lue lis\u00e4\u00e4 >","og_url":"https:\/\/suonteenkalatalousalue.fi\/vahvaselan-osakaskunta\/luvat\/pyydysmerkinnat\/","og_site_name":"Vahvasel\u00e4n osakaskunta","article_modified_time":"2020-11-03T10:13:13+00:00","twitter_card":"summary_large_image","schema":{"@context":"https:\/\/schema.org","@graph":[{"@type":"WebPage","@id":"https:\/\/suonteenkalatalousalue.fi\/vahvaselan-osakaskunta\/luvat\/pyydysmerkinnat\/","url":"https:\/\/suonteenkalatalousalue.fi\/vahvaselan-osakaskunta\/luvat\/pyydysmerkinnat\/","name":"Pyydysmerkinn\u00e4t - Vahvasel\u00e4n osakaskunta","isPartOf":{"@id":"https:\/\/suonteenkalatalousalue.fi\/vahvaselan-osakaskunta\/#website"},"datePublished":"2020-10-29T11:48:36+00:00","dateModified":"2020-11-03T10:13:13+00:00","breadcrumb":{"@id":"https:\/\/suonteenkalatalousalue.fi\/vahvaselan-osakaskunta\/luvat\/pyydysmerkinnat\/#breadcrumb"},"inLanguage":"fi","potentialAction":[{"@type":"ReadAction","target":["https:\/\/suonteenkalatalousalue.fi\/vahvaselan-osakaskunta\/luvat\/pyydysmerkinnat\/"]}]},{"@type":"BreadcrumbList","@id":"https:\/\/suonteenkalatalousalue.fi\/vahvaselan-osakaskunta\/luvat\/pyydysmerkinnat\/#breadcrumb","itemListElement":[{"@type":"ListItem","position":1,"name":"Home","item":"https:\/\/suonteenkalatalousalue.fi\/vahvaselan-osakaskunta\/"},{"@type":"ListItem","position":2,"name":"Yksityinen: Luvat","item":"https:\/\/suonteenkalatalousalue.fi\/vahvaselan-osakaskunta\/?page_id=45"},{"@type":"ListItem","position":3,"name":"Pyydysmerkinn\u00e4t"}]},{"@type":"WebSite","@id":"https:\/\/suonteenkalatalousalue.fi\/vahvaselan-osakaskunta\/#website","url":"https:\/\/suonteenkalatalousalue.fi\/vahvaselan-osakaskunta\/","name":"Vahvasel\u00e4n osakaskunta","description":"","potentialAction":[{"@type":"SearchAction","target":{"@type":"EntryPoint","urlTemplate":"https:\/\/suonteenkalatalousalue.fi\/vahvaselan-osakaskunta\/?s={search_term_string}"},"query-input":{"@type":"PropertyValueSpecification","valueRequired":true,"valueName":"search_term_string"}}],"inLanguage":"fi"}]}},"_links":{"self":[{"href":"https:\/\/suonteenkalatalousalue.fi\/vahvaselan-osakaskunta\/wp-json\/wp\/v2\/pages\/97","targetHints":{"allow":["GET"]}}],"collection":[{"href":"https:\/\/suonteenkalatalousalue.fi\/vahvaselan-osakaskunta\/wp-json\/wp\/v2\/pages"}],"about":[{"href":"https:\/\/suonteenkalatalousalue.fi\/vahvaselan-osakaskunta\/wp-json\/wp\/v2\/types\/page"}],"author":[{"embeddable":true,"href":"https:\/\/suonteenkalatalousalue.fi\/vahvaselan-osakaskunta\/wp-json\/wp\/v2\/users\/1"}],"replies":[{"embeddable":true,"href":"https:\/\/suonteenkalatalousalue.fi\/vahvaselan-osakaskunta\/wp-json\/wp\/v2\/comments?post=97"}],"version-history":[{"count":8,"href":"https:\/\/suonteenkalatalousalue.fi\/vahvaselan-osakaskunta\/wp-json\/wp\/v2\/pages\/97\/revisions"}],"predecessor-version":[{"id":276,"href":"https:\/\/suonteenkalatalousalue.fi\/vahvaselan-osakaskunta\/wp-json\/wp\/v2\/pages\/97\/revisions\/276"}],"up":[{"embeddable":true,"href":"https:\/\/suonteenkalatalousalue.fi\/vahvaselan-osakaskunta\/wp-json\/wp\/v2\/pages\/45"}],"wp:attachment":[{"href":"https:\/\/suonteenkalatalousalue.fi\/vahvaselan-osakaskunta\/wp-json\/wp\/v2\/media?parent=97"}],"curies":[{"name":"wp","href":"https:\/\/api.w.org\/{rel}","templated":true}]}}