{"id":97,"date":"2020-10-29T11:48:36","date_gmt":"2020-10-29T11:48:36","guid":{"rendered":"http:\/\/89.166.51.80\/~kalatalouskeskus\/joutsan-osakaskunta\/?page_id=97"},"modified":"2020-10-29T11:50:18","modified_gmt":"2020-10-29T11:50:18","slug":"pyydysmerkinnat","status":"publish","type":"page","link":"https:\/\/suonteenkalatalousalue.fi\/joutsan-osakaskunta\/luvat\/pyydysmerkinnat\/","title":{"rendered":"Pyydysmerkinn\u00e4t"},"content":{"rendered":"\n<h2 class=\"wp-block-heading\">Pyydysmerkinn\u00e4t<\/h2>\n\n\n\n<div class=\"wp-block-columns is-layout-flex wp-container-core-columns-is-layout-9d6595d7 wp-block-columns-is-layout-flex\">\n<div class=\"wp-block-column is-layout-flow wp-block-column-is-layout-flow\" style=\"flex-basis:32.3%\">\n<figure class=\"wp-block-image size-large is-resized\"><img loading=\"lazy\" decoding=\"async\" src=\"http:\/\/89.166.51.80\/~kalatalouskeskus\/joutsan-osakaskunta\/wp-content\/uploads\/sites\/2\/2020\/10\/pyydysmerkinnat.jpg\" alt=\"\" class=\"wp-image-98\" width=\"278\" height=\"435\" srcset=\"https:\/\/suonteenkalatalousalue.fi\/joutsan-osakaskunta\/wp-content\/uploads\/sites\/2\/2020\/10\/pyydysmerkinnat.jpg 278w, https:\/\/suonteenkalatalousalue.fi\/joutsan-osakaskunta\/wp-content\/uploads\/sites\/2\/2020\/10\/pyydysmerkinnat-192x300.jpg 192w\" sizes=\"auto, (max-width: 278px) 100vw, 278px\" \/><\/figure>\n<\/div>\n\n\n\n<div class=\"wp-block-column is-layout-flow wp-block-column-is-layout-flow\" style=\"flex-basis:70.3%\">\n<p><strong>Merkint\u00e4 talvella<\/strong>&nbsp;<\/p>\n\n\n\n<p>J\u00e4\u00e4lt\u00e4 kalastettaessa pyydys ja kalastamista varten tehdyt, halkaisijaltaan yli 40 cm:n avannot on merkitt\u00e4v\u00e4 v\u00e4hint\u00e4\u00e4n 1,2 metri\u00e4 j\u00e4\u00e4n pinnasta ulottuvalla merkkisalolla, joka ei ole v\u00e4rilt\u00e4\u00e4n valkoinen. Salkoon on laitettava kaikkiin sivusuuntiin n\u00e4kyv\u00e4 2 cm korkea heijastin. Jos pyydys tai usean yhteen liitetyn pyydyksen muodostama kokonaisuus on pituudeltaan yli 10 m, on merkkisalkoa k\u00e4ytett\u00e4v\u00e4 pyydyksen molemmissa p\u00e4iss\u00e4.<\/p>\n<\/div>\n<\/div>\n\n\n\n<p><\/p>\n","protected":false},"excerpt":{"rendered":"<p>Pyydysmerkinn\u00e4t Merkint\u00e4 talvella&nbsp; J\u00e4\u00e4lt\u00e4 kalastettaessa pyydys ja kalastamista varten tehdyt, halkaisijaltaan yli 40 cm:n avannot on merkitt\u00e4v\u00e4 v\u00e4hint\u00e4\u00e4n 1,2 metri\u00e4 j\u00e4\u00e4n pinnasta ulottuvalla merkkisalolla, joka ei ole v\u00e4rilt\u00e4\u00e4n valkoinen. Salkoon on laitettava kaikkiin sivusuuntiin n\u00e4kyv\u00e4 2 cm korkea heijastin. Jos pyydys tai usean yhteen liitetyn pyydyksen muodostama kokonaisuus on pituudeltaan yli 10 m, on merkkisalkoa<\/p>\n<p><a class=\"moretag\" href=\"https:\/\/suonteenkalatalousalue.fi\/joutsan-osakaskunta\/luvat\/pyydysmerkinnat\/\"> Lue lis\u00e4\u00e4 ><\/a><\/p>\n","protected":false},"author":1,"featured_media":0,"parent":45,"menu_order":0,"comment_status":"closed","ping_status":"closed","template":"basic-sivu.php","meta":{"_acf_changed":false,"footnotes":""},"class_list":["post-97","page","type-page","status-publish","hentry"],"acf":[],"yoast_head":"<!-- This site is optimized with the Yoast SEO plugin v27.1.1 - https:\/\/yoast.com\/product\/yoast-seo-wordpress\/ -->\n<title>Pyydysmerkinn\u00e4t - Joutsan osakaskunta<\/title>\n<meta name=\"robots\" content=\"index, follow, max-snippet:-1, max-image-preview:large, max-video-preview:-1\" \/>\n<link rel=\"canonical\" href=\"https:\/\/suonteenkalatalousalue.fi\/joutsan-osakaskunta\/luvat\/pyydysmerkinnat\/\" \/>\n<meta property=\"og:locale\" content=\"fi_FI\" \/>\n<meta property=\"og:type\" content=\"article\" \/>\n<meta property=\"og:title\" content=\"Pyydysmerkinn\u00e4t - Joutsan osakaskunta\" \/>\n<meta property=\"og:description\" content=\"Pyydysmerkinn\u00e4t Merkint\u00e4 talvella&nbsp; J\u00e4\u00e4lt\u00e4 kalastettaessa pyydys ja kalastamista varten tehdyt, halkaisijaltaan yli 40 cm:n avannot on merkitt\u00e4v\u00e4 v\u00e4hint\u00e4\u00e4n 1,2 metri\u00e4 j\u00e4\u00e4n pinnasta ulottuvalla merkkisalolla, joka ei ole v\u00e4rilt\u00e4\u00e4n valkoinen. Salkoon on laitettava kaikkiin sivusuuntiin n\u00e4kyv\u00e4 2 cm korkea heijastin. Jos pyydys tai usean yhteen liitetyn pyydyksen muodostama kokonaisuus on pituudeltaan yli 10 m, on merkkisalkoa Lue lis\u00e4\u00e4 &gt;\" \/>\n<meta property=\"og:url\" content=\"https:\/\/suonteenkalatalousalue.fi\/joutsan-osakaskunta\/luvat\/pyydysmerkinnat\/\" \/>\n<meta property=\"og:site_name\" content=\"Joutsan osakaskunta\" \/>\n<meta property=\"article:modified_time\" content=\"2020-10-29T11:50:18+00:00\" \/>\n<meta property=\"og:image\" content=\"http:\/\/89.166.51.80\/~kalatalouskeskus\/joutsan-osakaskunta\/wp-content\/uploads\/sites\/2\/2020\/10\/pyydysmerkinnat.jpg\" \/>\n<meta name=\"twitter:card\" content=\"summary_large_image\" \/>\n<script type=\"application\/ld+json\" class=\"yoast-schema-graph\">{\"@context\":\"https:\/\/schema.org\",\"@graph\":[{\"@type\":\"WebPage\",\"@id\":\"https:\/\/suonteenkalatalousalue.fi\/joutsan-osakaskunta\/luvat\/pyydysmerkinnat\/\",\"url\":\"https:\/\/suonteenkalatalousalue.fi\/joutsan-osakaskunta\/luvat\/pyydysmerkinnat\/\",\"name\":\"Pyydysmerkinn\u00e4t - Joutsan osakaskunta\",\"isPartOf\":{\"@id\":\"https:\/\/suonteenkalatalousalue.fi\/joutsan-osakaskunta\/#website\"},\"primaryImageOfPage\":{\"@id\":\"https:\/\/suonteenkalatalousalue.fi\/joutsan-osakaskunta\/luvat\/pyydysmerkinnat\/#primaryimage\"},\"image\":{\"@id\":\"https:\/\/suonteenkalatalousalue.fi\/joutsan-osakaskunta\/luvat\/pyydysmerkinnat\/#primaryimage\"},\"thumbnailUrl\":\"http:\/\/89.166.51.80\/~kalatalouskeskus\/joutsan-osakaskunta\/wp-content\/uploads\/sites\/2\/2020\/10\/pyydysmerkinnat.jpg\",\"datePublished\":\"2020-10-29T11:48:36+00:00\",\"dateModified\":\"2020-10-29T11:50:18+00:00\",\"breadcrumb\":{\"@id\":\"https:\/\/suonteenkalatalousalue.fi\/joutsan-osakaskunta\/luvat\/pyydysmerkinnat\/#breadcrumb\"},\"inLanguage\":\"fi\",\"potentialAction\":[{\"@type\":\"ReadAction\",\"target\":[\"https:\/\/suonteenkalatalousalue.fi\/joutsan-osakaskunta\/luvat\/pyydysmerkinnat\/\"]}]},{\"@type\":\"ImageObject\",\"inLanguage\":\"fi\",\"@id\":\"https:\/\/suonteenkalatalousalue.fi\/joutsan-osakaskunta\/luvat\/pyydysmerkinnat\/#primaryimage\",\"url\":\"http:\/\/89.166.51.80\/~kalatalouskeskus\/joutsan-osakaskunta\/wp-content\/uploads\/sites\/2\/2020\/10\/pyydysmerkinnat.jpg\",\"contentUrl\":\"http:\/\/89.166.51.80\/~kalatalouskeskus\/joutsan-osakaskunta\/wp-content\/uploads\/sites\/2\/2020\/10\/pyydysmerkinnat.jpg\"},{\"@type\":\"BreadcrumbList\",\"@id\":\"https:\/\/suonteenkalatalousalue.fi\/joutsan-osakaskunta\/luvat\/pyydysmerkinnat\/#breadcrumb\",\"itemListElement\":[{\"@type\":\"ListItem\",\"position\":1,\"name\":\"Home\",\"item\":\"https:\/\/suonteenkalatalousalue.fi\/joutsan-osakaskunta\/\"},{\"@type\":\"ListItem\",\"position\":2,\"name\":\"Yksityinen: Luvat\",\"item\":\"https:\/\/suonteenkalatalousalue.fi\/joutsan-osakaskunta\/?page_id=45\"},{\"@type\":\"ListItem\",\"position\":3,\"name\":\"Pyydysmerkinn\u00e4t\"}]},{\"@type\":\"WebSite\",\"@id\":\"https:\/\/suonteenkalatalousalue.fi\/joutsan-osakaskunta\/#website\",\"url\":\"https:\/\/suonteenkalatalousalue.fi\/joutsan-osakaskunta\/\",\"name\":\"Joutsan osakaskunta\",\"description\":\"\",\"potentialAction\":[{\"@type\":\"SearchAction\",\"target\":{\"@type\":\"EntryPoint\",\"urlTemplate\":\"https:\/\/suonteenkalatalousalue.fi\/joutsan-osakaskunta\/?s={search_term_string}\"},\"query-input\":{\"@type\":\"PropertyValueSpecification\",\"valueRequired\":true,\"valueName\":\"search_term_string\"}}],\"inLanguage\":\"fi\"}]}<\/script>\n<!-- \/ Yoast SEO plugin. -->","yoast_head_json":{"title":"Pyydysmerkinn\u00e4t - Joutsan osakaskunta","robots":{"index":"index","follow":"follow","max-snippet":"max-snippet:-1","max-image-preview":"max-image-preview:large","max-video-preview":"max-video-preview:-1"},"canonical":"https:\/\/suonteenkalatalousalue.fi\/joutsan-osakaskunta\/luvat\/pyydysmerkinnat\/","og_locale":"fi_FI","og_type":"article","og_title":"Pyydysmerkinn\u00e4t - Joutsan osakaskunta","og_description":"Pyydysmerkinn\u00e4t Merkint\u00e4 talvella&nbsp; J\u00e4\u00e4lt\u00e4 kalastettaessa pyydys ja kalastamista varten tehdyt, halkaisijaltaan yli 40 cm:n avannot on merkitt\u00e4v\u00e4 v\u00e4hint\u00e4\u00e4n 1,2 metri\u00e4 j\u00e4\u00e4n pinnasta ulottuvalla merkkisalolla, joka ei ole v\u00e4rilt\u00e4\u00e4n valkoinen. Salkoon on laitettava kaikkiin sivusuuntiin n\u00e4kyv\u00e4 2 cm korkea heijastin. Jos pyydys tai usean yhteen liitetyn pyydyksen muodostama kokonaisuus on pituudeltaan yli 10 m, on merkkisalkoa Lue lis\u00e4\u00e4 >","og_url":"https:\/\/suonteenkalatalousalue.fi\/joutsan-osakaskunta\/luvat\/pyydysmerkinnat\/","og_site_name":"Joutsan osakaskunta","article_modified_time":"2020-10-29T11:50:18+00:00","og_image":[{"url":"http:\/\/89.166.51.80\/~kalatalouskeskus\/joutsan-osakaskunta\/wp-content\/uploads\/sites\/2\/2020\/10\/pyydysmerkinnat.jpg","type":"","width":"","height":""}],"twitter_card":"summary_large_image","schema":{"@context":"https:\/\/schema.org","@graph":[{"@type":"WebPage","@id":"https:\/\/suonteenkalatalousalue.fi\/joutsan-osakaskunta\/luvat\/pyydysmerkinnat\/","url":"https:\/\/suonteenkalatalousalue.fi\/joutsan-osakaskunta\/luvat\/pyydysmerkinnat\/","name":"Pyydysmerkinn\u00e4t - Joutsan osakaskunta","isPartOf":{"@id":"https:\/\/suonteenkalatalousalue.fi\/joutsan-osakaskunta\/#website"},"primaryImageOfPage":{"@id":"https:\/\/suonteenkalatalousalue.fi\/joutsan-osakaskunta\/luvat\/pyydysmerkinnat\/#primaryimage"},"image":{"@id":"https:\/\/suonteenkalatalousalue.fi\/joutsan-osakaskunta\/luvat\/pyydysmerkinnat\/#primaryimage"},"thumbnailUrl":"http:\/\/89.166.51.80\/~kalatalouskeskus\/joutsan-osakaskunta\/wp-content\/uploads\/sites\/2\/2020\/10\/pyydysmerkinnat.jpg","datePublished":"2020-10-29T11:48:36+00:00","dateModified":"2020-10-29T11:50:18+00:00","breadcrumb":{"@id":"https:\/\/suonteenkalatalousalue.fi\/joutsan-osakaskunta\/luvat\/pyydysmerkinnat\/#breadcrumb"},"inLanguage":"fi","potentialAction":[{"@type":"ReadAction","target":["https:\/\/suonteenkalatalousalue.fi\/joutsan-osakaskunta\/luvat\/pyydysmerkinnat\/"]}]},{"@type":"ImageObject","inLanguage":"fi","@id":"https:\/\/suonteenkalatalousalue.fi\/joutsan-osakaskunta\/luvat\/pyydysmerkinnat\/#primaryimage","url":"http:\/\/89.166.51.80\/~kalatalouskeskus\/joutsan-osakaskunta\/wp-content\/uploads\/sites\/2\/2020\/10\/pyydysmerkinnat.jpg","contentUrl":"http:\/\/89.166.51.80\/~kalatalouskeskus\/joutsan-osakaskunta\/wp-content\/uploads\/sites\/2\/2020\/10\/pyydysmerkinnat.jpg"},{"@type":"BreadcrumbList","@id":"https:\/\/suonteenkalatalousalue.fi\/joutsan-osakaskunta\/luvat\/pyydysmerkinnat\/#breadcrumb","itemListElement":[{"@type":"ListItem","position":1,"name":"Home","item":"https:\/\/suonteenkalatalousalue.fi\/joutsan-osakaskunta\/"},{"@type":"ListItem","position":2,"name":"Yksityinen: Luvat","item":"https:\/\/suonteenkalatalousalue.fi\/joutsan-osakaskunta\/?page_id=45"},{"@type":"ListItem","position":3,"name":"Pyydysmerkinn\u00e4t"}]},{"@type":"WebSite","@id":"https:\/\/suonteenkalatalousalue.fi\/joutsan-osakaskunta\/#website","url":"https:\/\/suonteenkalatalousalue.fi\/joutsan-osakaskunta\/","name":"Joutsan osakaskunta","description":"","potentialAction":[{"@type":"SearchAction","target":{"@type":"EntryPoint","urlTemplate":"https:\/\/suonteenkalatalousalue.fi\/joutsan-osakaskunta\/?s={search_term_string}"},"query-input":{"@type":"PropertyValueSpecification","valueRequired":true,"valueName":"search_term_string"}}],"inLanguage":"fi"}]}},"_links":{"self":[{"href":"https:\/\/suonteenkalatalousalue.fi\/joutsan-osakaskunta\/wp-json\/wp\/v2\/pages\/97","targetHints":{"allow":["GET"]}}],"collection":[{"href":"https:\/\/suonteenkalatalousalue.fi\/joutsan-osakaskunta\/wp-json\/wp\/v2\/pages"}],"about":[{"href":"https:\/\/suonteenkalatalousalue.fi\/joutsan-osakaskunta\/wp-json\/wp\/v2\/types\/page"}],"author":[{"embeddable":true,"href":"https:\/\/suonteenkalatalousalue.fi\/joutsan-osakaskunta\/wp-json\/wp\/v2\/users\/1"}],"replies":[{"embeddable":true,"href":"https:\/\/suonteenkalatalousalue.fi\/joutsan-osakaskunta\/wp-json\/wp\/v2\/comments?post=97"}],"version-history":[{"count":6,"href":"https:\/\/suonteenkalatalousalue.fi\/joutsan-osakaskunta\/wp-json\/wp\/v2\/pages\/97\/revisions"}],"predecessor-version":[{"id":104,"href":"https:\/\/suonteenkalatalousalue.fi\/joutsan-osakaskunta\/wp-json\/wp\/v2\/pages\/97\/revisions\/104"}],"up":[{"embeddable":true,"href":"https:\/\/suonteenkalatalousalue.fi\/joutsan-osakaskunta\/wp-json\/wp\/v2\/pages\/45"}],"wp:attachment":[{"href":"https:\/\/suonteenkalatalousalue.fi\/joutsan-osakaskunta\/wp-json\/wp\/v2\/media?parent=97"}],"curies":[{"name":"wp","href":"https:\/\/api.w.org\/{rel}","templated":true}]}}